{"id":35,"date":"2014-08-26T14:28:46","date_gmt":"2014-08-26T14:28:46","guid":{"rendered":"http:\/\/soul-control.de\/?page_id=35"},"modified":"2017-08-05T10:57:31","modified_gmt":"2017-08-05T10:57:31","slug":"impressum","status":"publish","type":"page","link":"http:\/\/soul-control.de\/?page_id=35","title":{"rendered":"Impressum"},"content":{"rendered":"<h5 style=\"color: #000000;\">Inhaltlich verantwortlich gem\u00e4\u00df \u00a7 10 Absatz 3 MDStV:<br \/>\nFrederik Lenhard<br \/>\nSticksfeld 64<br \/>\n30539 Hannover<br \/>\nGermany<br \/>\ninfo(at)soul-control.de<\/h5>\n<h5 style=\"color: #000000;\"><\/h5>\n<h5 style=\"color: #000000;\"><a href=\"http:\/\/www.disclaimer.de\/disclaimer.htm?farbe=FFFFFF\/000000\/000000\/000000\" target=\"_blank\" rel=\"noopener\">Haftungsausschluss<\/a><\/h5>\n<h5 style=\"color: #000000;\"><\/h5>\n<h5 style=\"color: #000000;\">Es gelten die Vorschriften des deutschen Urheberrechts in seiner jeweiligen Fassung. Alle Rechte der Urheber an den gesch\u00fctzten Werken, die auf der Website enthalten sind, bleiben vorbehalten. Ohne ausdr\u00fcckliche Genehmigung durch die GEMA darf eine weitergehende Nutzung der Werke, \u00fcber das Anh\u00f6ren der eingestellten Musikwerke hinaus, nicht erfolgen.<\/h5>\n","protected":false},"excerpt":{"rendered":"<p>Inhaltlich verantwortlich gem\u00e4\u00df \u00a7 10 Absatz 3 MDStV: Frederik Lenhard Sticksfeld 64 30539 Hannover Germany info(at)soul-control.de Haftungsausschluss Es gelten die Vorschriften des deutschen Urheberrechts in seiner jeweiligen Fassung. Alle Rechte der Urheber an den gesch\u00fctzten Werken, die auf der Website &hellip; <a href=\"http:\/\/soul-control.de\/?page_id=35\">Weiterlesen <span class=\"meta-nav\">&rarr;<\/span><\/a><\/p>\n","protected":false},"author":1,"featured_media":0,"parent":0,"menu_order":10,"comment_status":"closed","ping_status":"closed","template":"","meta":{"footnotes":""},"class_list":["post-35","page","type-page","status-publish","hentry"],"_links":{"self":[{"href":"http:\/\/soul-control.de\/index.php?rest_route=\/wp\/v2\/pages\/35","targetHints":{"allow":["GET"]}}],"collection":[{"href":"http:\/\/soul-control.de\/index.php?rest_route=\/wp\/v2\/pages"}],"about":[{"href":"http:\/\/soul-control.de\/index.php?rest_route=\/wp\/v2\/types\/page"}],"author":[{"embeddable":true,"href":"http:\/\/soul-control.de\/index.php?rest_route=\/wp\/v2\/users\/1"}],"replies":[{"embeddable":true,"href":"http:\/\/soul-control.de\/index.php?rest_route=%2Fwp%2Fv2%2Fcomments&post=35"}],"version-history":[{"count":9,"href":"http:\/\/soul-control.de\/index.php?rest_route=\/wp\/v2\/pages\/35\/revisions"}],"predecessor-version":[{"id":247,"href":"http:\/\/soul-control.de\/index.php?rest_route=\/wp\/v2\/pages\/35\/revisions\/247"}],"wp:attachment":[{"href":"http:\/\/soul-control.de\/index.php?rest_route=%2Fwp%2Fv2%2Fmedia&parent=35"}],"curies":[{"name":"wp","href":"https:\/\/api.w.org\/{rel}","templated":true}]}}